= -8 + 34. Suppose -2*v + b = -18. What is the units digit of v?
2
Let q be 1/((-4)/3 - -1). Let d(w) = -2*w**2 - 4*w. Let f be d(q). Let z(p) = p**2 + 5*p + 2. What is the units digit of z(f)?
8
Let z(y) = y**3 - 9*y**2 + 9*y - 4. What is the units digit of z(8)?
4
Let y(p) be the first derivative of p**4/4 - p**3 - p**2/2 - 2*p + 11. What is the tens digit of y(4)?
1
Suppose -28 = -l - 3*l. Let x(h) be the third derivative of -h**6/120 + 2*h**5/15 - 7*h**4/24 + 2*h**3/3 - 2*h**2. What is the units digit of x(l)?
4
Let b(n) = -n + 12. Let a be b(7). Suppose r = -o - 6, a*o = r + 3*r + 42. What is the units digit of (7/(-2))/(4/r)?
7
Let l(f) = 6*f**2 - 2*f - 1. Let k = 0 + -1. What is the units digit of l(k)?
7
Let i be (-6)/15 - (-27)/5. Let t = 4 - 1. What is the units digit of 3/(9/t) + i?
6
Suppose 0 = -5*z - 5*m - 8 + 33, 0 = 5*z + 3*m - 27. What is the units digit of ((-14)/z)/((-9)/27)?
7
Let b = 12 - 6. Suppose 2*n = -b, -3*r - 3*n = -0*r. What is the units digit of (r - 1) + (1 - 1)?
2
Let t(s) = 7*s - 2*s**2 + 0*s**3 + 2 - 5*s**2 - s**3. What is the units digit of t(-8)?
0
Suppose 17 = c - 3*p - 0*p, 2*p = c - 13. Let x = -2 + c. What is the units digit of x?
3
Let o = 52 + -17. Suppose 0 = 3*i - 10 - o. What is the tens digit of i?
1
Suppose 4 = 5*j + 49. Let t = 18 + j. What is the units digit of t?
9
Let n(g) = -g**3 - g + 2. Let o be n(0). Suppose -6 = -3*c + o*k + 5, 0 = -c - 3*k. Suppose 0 = -c*i + 5*i - 18. What is the units digit of i?
9
Suppose 2*z + s + 14 = 0, 0*s = z + 2*s + 10. Let w = z - -21. What is the tens digit of w?
1
Let d(i) = -26*i - 1. What is the units digit of d(-1)?
5
Let x(z) = z**2 - 6*z + 3. Let m be x(6). Suppose -m*j = -2*j - 7. What is the units digit of j?
7
Let o be 10/2 - (-1 - -1). Suppose 2*m - 21 = o*m. Let l = 11 + m. What is the units digit of l?
4
What is the units digit of (-5)/(-20) + 3 + 414/8?
5
Suppose 0 = -3*l - 2*f - 0*f + 36, 0 = 3*l - 2*f - 24. What is the units digit of l?
0
Let q(k) = -k**2 - 6*k + 7. Let w be q(-7). Suppose w = -5*o + 47 - 7. What is the units digit of o?
8
Let p = 133 + -188. What is the tens digit of (-7 - -10)/((-3)/p)?
5
Suppose -33 + 7 = -2*p. Let m be 19/(-3) - 2/(-6). Let q = p + m. What is the units digit of q?
7
Suppose -87 = c - 4*c. Let v(b) = 3*b**2 + 5*b + 3. Let z be v(-3). Let f = c - z. What is the tens digit of f?
1
Let z(m) = -m - 7. Let a be z(-4). Let j(n) = -2*n**3 - n**2 + 3*n + 2. What is the tens digit of j(a)?
3
Let k(d) = 5 - 2 - d - 1. What is the units digit of k(-9)?
1
What is the units digit of 3/9 - 912/(-18)?
1
Let b = 21 - 35. Suppose -3*n = -6*n + 33. What is the units digit of b/21 + n/3?
3
Let p = -131 + 391. What is the units digit of p?
0
Let k(m) = -m + 2. Let f be k(0). Suppose 3*s - 13 = 4*t, -f*s - 4*t = t - 1. Suppose -s*r - 7 = -19. What is the units digit of r?
4
Suppose 421 = 3*s + 34. What is the tens digit of s?
2
Suppose 20 - 2 = y. What is the tens digit of y?
1
Let y be (-1)/((-12)/10 + 1). Suppose -y*h = -25 + 5. What is the units digit of 18/h*8/12?
3
Suppose 0 = 2*v - 3*d - 0*d - 267, 4*v + d = 513. What is the tens digit of v?
2
Let n(v) = v + 8. Let b(u) = 0 + 1 + 5*u - 4*u. Let x(y) = 4*b(y) - n(y). What is the tens digit of x(5)?
1
Let d be (6/18)/(2/(-30)). Let v(s) = s**3 + 4*s**2 - 5*s + 3. What is the units digit of v(d)?
3
Let w(h) = h**3 + 5*h**2 + 2*h - 2. Let s be w(-4). Let x be s + ((-9)/3)/1. Suppose -4*m = -2*c - m + 10, -2*m = x*c - 15. What is the units digit of c?
5
Suppose 5*w + 4*k = 313, -2*w - 25 + 137 = -5*k. What is the tens digit of w?
6
Suppose 515 + 485 = 4*p. Suppose -8*o + p = -3*o. What is the units digit of o?
0
Let v be (-16)/(-3) - (-2)/3. Let k be v/9 - (-17)/(-3). What is the units digit of 8/10*k/(-2)?
2
Let x(q) = -74*q + 4. What is the hundreds digit of x(-2)?
1
Let l(y) be the first derivative of -y**4/4 - 3*y**3 + 4*y**2 - 14*y - 3. What is the units digit of l(-10)?
6
Suppose 2*y - 5*y = 6. What is the units digit of (y/6)/(5/(-90))?
6
Let p be (-3)/6 - 63/(-2). Let w = 73 - p. Suppose 3*f - 28 = -2*s, 4*s - 2*f = -f + w. What is the tens digit of s?
1
Let d(l) = -213*l + 1. What is the hundreds digit of d(-1)?
2
Let r = -39 + 51. What is the units digit of r?
2
Let o = -1 - -1. Suppose 0 = 3*p + 3*r - 54, 3 = -o*r - 3*r. What is the units digit of p?
9
Let p(h) be the third derivative of -9*h**6/40 + h**5/30 + h**4/24 + 3*h**2. What is the tens digit of p(-1)?
2
Suppose 54*k - 55*k + 105 = 0. What is the hundreds digit of k?
1
Let z(m) = 6*m**2 - 3*m + 40. What is the tens digit of z(5)?
7
Let i be (-68)/(-18) - 6/(-27). Let d(u) = 2*u**2 - 8*u + 2. What is the units digit of d(i)?
2
What is the units digit of 184/30 + (-8)/60?
6
Let b(i) = i**2 + 2*i + 1. Let l be b(-3). Suppose -r = d - 6, -4*r = -9*d + l*d - 24. What is the units digit of r?
6
Let f(p) = 2*p - 6. Let k be f(6). Suppose 2*y = -y + 2*t + k, 4*y = -t + 19. What is the units digit of y?
4
Suppose 4 = 3*h - 4*j + 2, -31 = h + 5*j. Let i(a) = -a**2 - 4*a + 6. Let z be i(h). Let v(s) = -s**3 - 5*s**2 + 4*s. What is the units digit of v(z)?
2
Suppose -5*k + 6 = -3*k. Suppose -2*w + k = -3. Suppose n = w*m - 7, 2*m - 6*m = n. What is the units digit of m?
1
Let x(t) = -t + 1. Let k be x(7). Let b = k - -8. What is the units digit of b?
2
Let j be -3 - -4*(-2)/(-4). What is the units digit of 3/(9/(-60)*j)?
0
Let d(y) = -y**2 + 99. What is the tens digit of d(0)?
9
Let k(a) = -a**3 + 6*a**2 - 5*a + 4. Let t be k(5). Let q(i) = i**2 - 4*i + 3. Let z be q(t). Suppose j = 5 - z. What is the units digit of j?
2
Let y(p) = -2*p**3 - 7*p**2 + 20*p - 5. What is the units digit of y(-7)?
8
Let a be (-15)/(-10)*(-4)/6. Suppose 0 = -2*w + 5*x - 21, -13 = -2*w - 5*x + 16. Let v = w - a. What is the units digit of v?
3
Suppose 5*n + 3*v = 0, -5*n + 3*v + 35 = -v. Let h be (-8)/(-6)*n/2. Suppose 2 + h = 2*f. What is the units digit of f?
2
Suppose -15*h = -14*h - 24. What is the units digit of h?
4
Let b = -3 + 5. What is the units digit of 1/(1*1/b)?
2
What is the units digit of 64 - (-20)/(2 + 3)?
8
Let t(h) = h**3 - 2*h**2 - 3*h. Let r be t(-3). Let o be (-148)/(-18) + 8/r. Let a = -5 + o. What is the units digit of a?
3
Let h be ((-6)/(-15))/((-1)/(-40)). What is the tens digit of 2/8 + 188/h?
1
Let y(l) = 39*l - 39*l + l**2. Let s be y(0). Suppose -2*u = -s*u - 8. What is the units digit of u?
4
Let j = 5 + 0. What is the units digit of j?
5
Suppose -h = -6 + 4. Let c(f) = -f**2 - f - 6. Let u be c(0). What is the units digit of h/u*-21*1?
7
Suppose 4*f - 1321 = -2*l - 3*l, 0 = -f - 3*l + 332. What is the units digit of f?
9
Let r(j) be the third derivative of -j**4/24 - 5*j**3/6 - j**2. Let p be r(-7). Suppose 19 = p*z - 1. What is the tens digit of z?
1
Let q(c) = -c**2 - 9*c + 2. Let m(o) = -o - 3 + 3*o + 1 - 3*o. Let l be m(7). What is the units digit of q(l)?
2
Let b = 5 - 3. Suppose 4*s = 4*p, -4*p + b = -4*s + 2*s. Let n(v) = 2*v + 1. What is the units digit of n(s)?
3
Let f(p) = p + 1. Let v be f(2). Suppose -8 = -v*g - g. What is the units digit of g?
2
Let w be (-1)/3 + 170/6. Suppose -6*x + w = -2*x. What is the units digit of x?
7
Let b = 2 + -2. Suppose 20 = 2*y - b*y. What is the units digit of y?
0
Let i = -9 + 15. Suppose 3*v - 3*u = 99, -31 - i = -v + 3*u. What is the tens digit of v?
3
Let l(y) = -y**2 + 7*y + 3. Suppose 3*g = -5*s + 26, 4*s = 5 - 1. What is the units digit of l(g)?
3
Let w(u) = u**2 + 6*u + 9. Let a = -6 + 12. Suppose 5*c = -24 - a. What is the units digit of w(c)?
9
Let x = 7 + 17. What is the tens digit of ((-1 - -2) + x)*1?
2
Let z(a) = -a**2 - 10*a. Let l be z(-10). Suppose -2*k - 1 + 3 = l. What is the units digit of k?
1
Suppose -60 = -8*s + 3*s. Let o be 30/9*s/10. Suppose -5*k = 4*i + 1, 3*i = k - 0 + o. What is the units digit of i?
1
Let a(h) = h**2 - 14*h - 16. What is the tens digit of a(16)?
1
Let h(k) = k**2 - 5*k - 5. Let p(a) = -a**3 + 9*a**2 - 7*a - 3. Let r be p(8). Suppose r*u - 33 = -0*s + 3*s, -u + 7 = -s. What is the units digit of h(u)?
1
Let w(s) = 7*s + 2. Let r(b) = 13*b + 4. Let o(h) = 6*r(h) - 11*w(h). Let x = -49 + 54. What is the units digit of o(x)?
7
Suppose -4*d = 9 - 21. Suppose -a + d*r = -6*a - 106, -a = r + 22. Let g = -12 - a. What is the